- 2*y + 67 = -7*y. Suppose 4*b - 5*w = 14, 11 = 3*b + 3*w - 13. Calculate the highest common factor of b and x.
6
Suppose 5*y = 4*y - 4. Let v(m) = -5*m - 3. Let g be v(y). Calculate the highest common factor of 153 and g.
17
Let c be 0 - (-3 - 16 - -2). Let v be (-3570)/(-14)*(-2)/(-6). Calculate the greatest common divisor of v and c.
17
Let s be 6/15 - 8/(-5). Suppose -f + s = -7. What is the highest common divisor of f and 99?
9
Suppose -4*a + 3*a = -3. Suppose 3*d - 65 = -8. Suppose 0 = 4*z - 89 - d. Calculate the greatest common divisor of z and a.
3
Let g be 0 - (-8)/(-2 + 1). Let c be g/44 - (-530)/11. What is the highest common factor of 6 and c?
6
Let r = -142 + 282. Calculate the highest common factor of 14 and r.
14
Suppose y + 4*d = 92, 2*d = -0*d - 8. Suppose 3*j + 15 = b, -5*j = -4*b + 25 + 28. Calculate the greatest common divisor of b and y.
12
Let w(q) = 6*q**2 + 2*q - 2. Let c be w(2). Suppose 2*s - 11 = 67. What is the greatest common divisor of s and c?
13
Let s be 150/(-10)*5/(-3). Let v = 106 + -56. What is the highest common divisor of s and v?
25
Let l be (3 + 10/(-4))*70. Let u be 616/l + (-4)/(-10). What is the greatest common divisor of u and 162?
18
Suppose -2*f = -f. Suppose f*h = -h - 3. Let a be (h - -2)/(2/(-110)). What is the highest common divisor of a and 5?
5
Let n(m) = m**2 - 7*m + 10. Let z be n(10). What is the greatest common divisor of 4 and z?
4
Let i be ((-30)/21)/(4/(-14)) + 0. Let r = -14 + 29. What is the highest common factor of i and r?
5
Let o be (-2504)/(-72) - (-10)/45. What is the greatest common divisor of o and 15?
5
Let g(w) = w**2 - 18*w + 4. Let k be g(19). Calculate the greatest common divisor of k and 23.
23
Suppose 7 = 5*k - 8. Suppose 28 = w - 2*g, -k*w - w - 5*g + 60 = 0. What is the highest common divisor of w and 20?
20
Suppose -2*j + 83 + 37 = 0. Suppose -9*a + 48 = -5*a. What is the highest common factor of a and j?
12
Suppose -5*o + 56 + 64 = 0. What is the highest common factor of o and 8?
8
Suppose 6 = 2*y - 6. Let l(f) = 2*f**2 + 5*f - 9. Let a be l(-7). What is the highest common divisor of a and y?
6
Let j = -3 - -5. Let r(g) = 2*g - 7. Let o be r(5). Suppose -2*f + o + 3 = 0. What is the greatest common divisor of f and j?
1
Let c(a) = 3*a + 1 - 2*a + 0*a. Let p be c(2). Calculate the greatest common divisor of 1 and p.
1
Suppose -11 = -o + 20. Let y = 86 - o. Let a(c) = -2*c - 1. Let f be a(-6). What is the highest common divisor of f and y?
11
Let p(f) = -9*f**3 + 6*f + 3. Let x be p(-2). Let u(r) = -r**2 - 7*r + 1. Let h be u(-6). What is the greatest common factor of h and x?
7
Let a be -3*44/(-18)*3. Suppose 5*r + 5 + a = p, 2*p + r - 65 = 0. Calculate the greatest common divisor of p and 8.
8
Let v = -5 + 10. Suppose -2*l = 3*l - v. What is the highest common factor of 3 and l?
1
Let s be 3/(18/(-16))*-9. Suppose 0*r - 11 = -2*k - r, -5*k + 4*r = 5. Suppose k = 4*o - o, 3*o = -2*u + 19. What is the highest common divisor of u and s?
8
Suppose 3 - 7 = u, 4*j - 3*u - 20 = 0. What is the greatest common divisor of j and 8?
2
Suppose 3*g = -0*g + 4*v + 376, -2*v = -4*g + 488. What is the greatest common divisor of 48 and g?
24
Let h be (-63)/28*(-20)/3. Suppose 2*p = -5*q + 16, 5*q - 19 = -7*p + 4*p. Suppose 0 = -k - p*k + 60. Calculate the greatest common divisor of k and h.
15
Let n be (-7)/(-28) + 878/8. What is the greatest common factor of 44 and n?
22
Let t(l) = l**2 - 2*l - 2. Let f be (1 + 1)/((-4)/4). Let q be t(f). Suppose -5*h + q + 4 = 0. Calculate the highest common factor of h and 3.
1
Let u = 56 + -52. Calculate the highest common factor of u and 20.
4
Let s = 28 + -12. Let g = -31 - -55. Calculate the greatest common factor of s and g.
8
Suppose 55 = 2*d - 175. Suppose -4*o = -r - r + 92, -184 = -4*r + 4*o. Calculate the greatest common factor of r and d.
23
Let l = -933 + 2583. Let t be 4/(-26) - l/(-78). Suppose -4*n + 24 = -2*j - j, 5*n + 1 = -4*j. What is the greatest common factor of n and t?
3
Let x be (-66)/15 + (-2)/(-5). Let c = x - -5. What is the greatest common factor of c and 3?
1
Let t be 3/(6/8)*-48. Let l be t/20 - 2/5. Let f be (1 - (-1 - -3))*l. What is the greatest common factor of 25 and f?
5
Let a be (1/3)/(5/45). Let o(j) = 3*j**2 - 2*j**2 + 0*j + 2 - a*j - 2*j. Let p be o(5). What is the greatest common divisor of 10 and p?
2
Suppose 0 = 4*z + 5*g - 166, 3*z - 3*g - 169 = -31. Let n be (-202)/(-22) - 8/z. Suppose -4*t = -n*t + 225. Calculate the greatest common divisor of t and 18.
9
Let q = 11 - 8. Suppose -q*c + 256 = -c. Calculate the greatest common factor of c and 16.
16
Suppose 6 = -d + 3*d. Let h = 15 + d. Calculate the highest common factor of h and 6.
6
Suppose -29 = 5*n - 79. Let b = -109 + 159. What is the greatest common divisor of n and b?
10
Let k(z) = -z**3 + 21*z**2 + 9. Let r be k(21). Calculate the highest common factor of 18 and r.
9
Suppose 2*w = 2, 4*x - 210 = w + 77. Suppose 32 = 2*y - 4*g - 24, -y - 5*g = 0. Suppose 2 - y = -2*n. Calculate the greatest common divisor of x and n.
9
Suppose -3*v + 4*v - 3*z + 12 = 0, 4*z = 20. Suppose c = v*c - 70. Suppose -6*u - 4*u + 70 = 0. What is the highest common factor of c and u?
7
Suppose -5*x = -107 - 448. Let y = x - 39. Calculate the greatest common divisor of 48 and y.
24
Let i(h) = h**3 - 6*h**2 + 8*h - 6. Let j be i(5). Calculate the greatest common factor of 18 and j.
9
Suppose -3*a + 5*a = 5*s - 18, -2*a + 2 = 5*s. Suppose -19 = -3*p + s*p. Calculate the highest common factor of 209 and p.
19
Suppose 3*q - 1 = 3*n + 224, -1 = n. Calculate the greatest common factor of q and 37.
37
Let y = -6 - -15. Let r = y - 3. Calculate the highest common divisor of 12 and r.
6
Suppose 2*k = 4*x + 30, 0 = -3*x - x - 16. Let o = k - 1. Calculate the highest common divisor of 3 and o.
3
Let y(r) = r**3 - 5*r**2 + 8*r - 4. Let t be y(5). What is the greatest common divisor of t and 90?
18
Let x = -8 - -6. Let g be 7 + x - 4/2. What is the greatest common factor of g and 15?
3
Suppose -108 = -4*l + l. Suppose -5 = -v - 0. Suppose -3*r - x = -0*r - l, 3*r = v*x + 18. Calculate the greatest common divisor of r and 22.
11
Let h be (2/3)/(2/24). Suppose -h = 4*v, -v - 62 = -3*c - 2*c. Calculate the highest common factor of 36 and c.
12
Let w = 57 + -43. Calculate the highest common divisor of 154 and w.
14
Let q = -172 - -191. What is the highest common divisor of q and 19?
19
Let u be (24 + -25)*(-8 - 0). Suppose 2*f - 84 = 2*m, -8 = 5*m + 2. What is the highest common factor of f and u?
8
Suppose 5*p + 17 - 112 = 0. Calculate the greatest common divisor of 38 and p.
19
Suppose -69 = -5*a + 1. Calculate the greatest common divisor of a and 140.
14
Suppose -102 - 78 = -4*w. What is the highest common divisor of w and 45?
45
Suppose b = -2 + 3. What is the highest common factor of b and 1?
1
Let m(n) = 8*n - 8. Let x = 2 - -4. Let g be m(x). Let v(b) = b + 1. Let r be v(9). What is the greatest common divisor of r and g?
10
Let c = -9 - -30. Calculate the greatest common divisor of c and 14.
7
Suppose 25 = o - 4*g + 3, 5*g + 17 = -4*o. Suppose 30 = i + o*i. What is the highest common divisor of 50 and i?
10
Let r be (-6)/((-2)/1)*1. Suppose -r*t = t. Let h be -1 + 17 + t - 1. Calculate the highest common factor of 105 and h.
15
Let j be (-1)/5 + (-168)/(-15). What is the highest common factor of j and 121?
11
Let w = -51 + 110. Suppose 179 = 5*r + w. What is the highest common factor of r and 3?
3
Let b be (-6)/((1/(-4))/(-1) - 1). Calculate the greatest common divisor of 88 and b.
8
Let r(f) = 3*f**2 - 42 - f**2 + 42. Let z be r(-2). Calculate the highest common factor of 8 and z.
8
Let i(m) = 7*m**3 + 2*m**2 - 2. Let q be i(2). What is the greatest common divisor of q and 93?
31
Suppose r - 304 = -5*h, 5*h + 1111 = 5*r - 409. What is the greatest common factor of r and 38?
38
Suppose 7*i + 340 = 3*i. Let r = -25 - i. What is the greatest common factor of r and 15?
15
Let j = 6 + -2. Let w be ((-40)/(-16))/(1/j). What is the greatest common factor of 70 and w?
10
Let f be -9*((-6)/9)/2. Suppose -3*i + 5*v = 28, 0 = v + 2 - 7. Let p = i - -4. What is the greatest common divisor of f and p?
3
Let g be 1 - 7*4 - 0. Let r be g/(-5) - 2/5. Suppose 16 + 39 = r*v. Calculate the grea